k be 3 + 1*(0 + -5 - 12). Let l = 164 + k. Calculate the highest common divisor of 350 and l.
50
Let p be ((-6)/8 + -1)*4. Let l(s) be the second derivative of -s**3/6 + 15*s**2/2 + 13*s + 1. Let d be l(p). What is the highest common factor of 22 and d?
22
Let m(b) = 3*b**2 - 8*b + 8. Let c be m(17). Suppose c = 6*h - 23. Suppose 0 = 2*p - h - 113. What is the greatest common divisor of p and 6?
6
Suppose 250*z - 232*z = 65736. What is the greatest common divisor of z and 220?
44
Suppose 5*x + 10 = -10, -x = -a + 5. Let o(m) = 8*m**3 + 1. Let d be o(a). What is the greatest common factor of 171 and d?
9
Let d = 4108 - 4094. Calculate the greatest common divisor of 1792 and d.
14
Let g(a) = a**3 - 11*a**2 + 116*a - 1012. Let v be g(10). What is the greatest common divisor of 2224 and v?
16
Let r = 15122 - 8758. What is the highest common factor of r and 444?
148
Suppose -u + 43 = 5*p - 60, -835 = -7*u + 3*p. Calculate the highest common factor of 2006 and u.
118
Let l = -5663 + 5685. What is the highest common factor of l and 10307?
11
Suppose 121*h + 150*h - 62012 = -148*h. What is the highest common divisor of h and 1850?
74
Let t be 2*1*(-1 + 3). Let o be t/(-8) + (-10)/(-4). Let k(p) = -7*p**2 + 23*p + 4. Let s be k(2). What is the highest common divisor of o and s?
2
Suppose 331 = 4*d - 341. Suppose 0 = -0*c - c + d. Let t be (36/5)/(12/(-10)*9/(-36)). What is the greatest common factor of t and c?
24
Suppose -101*s + 29766 = -19*s. Calculate the highest common divisor of s and 66.
33
Suppose 5*y + 1096 = y - 2*p, 524 = -2*y + 5*p. Let g = y + 302. Calculate the greatest common factor of g and 345.
15
Let z be ((-3)/(-1))/(-3 + 8)*(12637 - -8). Calculate the highest common factor of 27 and z.
27
Suppose -12 = 15*y - 18*y, 0 = -10*z + 4*y + 18444. What is the greatest common factor of z and 286?
26
Suppose 2*x = -h + 11, h - 2*x = -0*h - 5. Suppose 0 = -3*m, -h*d - m = d - 12. Let p be 150/d - (4 + -4). What is the highest common factor of p and 30?
10
Suppose 3514 = -3*u + 3904. What is the greatest common divisor of u and 90?
10
Let z = 504 + -237. Let n = -1465 + z. Let m be (-5)/10 - (2 - n/(-4)). What is the highest common factor of 27 and m?
27
Let k = 55 + 1673. Calculate the highest common factor of 72 and k.
72
Let d be (-7)/(14/25)*-50. Let k be ((-27)/(-18))/(1/2). Suppose -2*q - k*q = 5*t - d, -20 = -4*q. Calculate the greatest common divisor of t and 48.
24
Suppose 4*i + 72 = 5*f, -3*f + 5*i = -18 - 20. Suppose -2*h + f = 6*h. Let w be ((-496)/6 + h)/(30/(-45)). What is the highest common divisor of 11 and w?
11
Let r be (-2400)/112 - (-8)/(-14). Let p(c) = -c**3 - 5*c**2 + 18*c + 8. Let f be p(-7). Let i = f - r. Calculate the highest common factor of 16 and i.
2
Let s(z) be the third derivative of 1/60*z**5 + 0 + 7/12*z**4 + 3*z**2 - 2*z**3 + 0*z. Let c be s(-16). What is the greatest common factor of c and 140?
20
Let b be (-20)/6*-69 + 4. Let j(t) = 13*t**2 - 14*t + 4. Let w be j(6). Let r = w - b. What is the greatest common factor of 14 and r?
14
Suppose -3*w - 53 = 115. Let o be (w/(-35))/(2/5). Suppose 20 = -o*y, 5*b - 2*y + 202 = 597. What is the highest common divisor of b and 7?
7
Let r(n) = n + 10. Let c = -52 + 50. Let d be -6 + c/(0 - -1). Let u be r(d). What is the greatest common factor of u and 14?
2
Let t(k) = -5*k**3 - 6*k**2 - 4*k + 5. Suppose 17*m + 68 = -0*m. Let s be t(m). Let p = -24 + 122. What is the greatest common factor of p and s?
49
Let p(q) = q**3 + 16*q**2 - 10*q + 9. Let s be p(-6). Let i be (-15)/(-30) + (s/(-2))/(-3). Calculate the highest common factor of 504 and i.
72
Let c = 119 - 70. Let o = -98959 + 99596. What is the greatest common factor of o and c?
49
Suppose -12582 = -25*j - 4782. Suppose -186*v - j = -194*v. Calculate the greatest common divisor of v and 156.
39
Let v = 1154 - 720. Let i = v + -272. What is the greatest common factor of 24 and i?
6
Suppose -132 = -5*q - 55*x + 52*x, 0 = -3*q - 4*x + 66. What is the greatest common factor of 1480 and q?
10
Let x = -311 + 276. Let t = 37 + x. Calculate the highest common factor of 46 and t.
2
Let y be 5*(344/8 + 10). What is the greatest common factor of y and 35?
5
Suppose -5*r = 3*n - 335, -r + 2*n = -0*n - 54. Let c be (-13059)/(-12) - ((-1)/4)/(-1). Calculate the highest common divisor of r and c.
64
Let s(h) = 2*h**3 - h**2 + 81*h + 1488. Let k be s(0). What is the highest common factor of k and 21?
3
Suppose 2*j = -x + 7, -5*j - x + 2*x + 14 = 0. Let w(r) = 2*r**3 - 5*r**2 - r + 8. Let b be w(j). What is the highest common divisor of b and 35?
7
Let a(f) = f**2 - f - 8. Let g be a(-2). Let b(w) = -14*w - 7. Let z be b(-6). Let d = g + z. Calculate the highest common factor of d and 15.
15
Let d(j) = 3*j**2 + 4*j + 1. Let q be d(-1). Suppose 0 = 5*s - 3*y - 40, q*y + y = -s. Calculate the greatest common divisor of s and 9.
1
Let a(d) = d**2 + 8*d + 16. Let s be a(-8). Let j be (0 + 30)*1/(-5)*-4. Calculate the highest common divisor of j and s.
8
Let t(a) = -26*a + 1. Let b(x) = -52*x + 1. Let s(y) = 4*b(y) - 9*t(y). Let l be s(1). Calculate the greatest common factor of 14 and l.
7
Let i = -157 - -169. Let b be 272*(15/(-20))/(-1). Calculate the greatest common factor of b and i.
12
Let d = -5562 + 5583. What is the highest common divisor of 273 and d?
21
Let j(w) = 11*w**2 + 124*w - 2321. Let z be j(16). What is the highest common factor of 67 and z?
67
Let q(o) = o**2 - 19*o + 89. Let p be q(22). Suppose 38*v - p = 1631. Calculate the highest common divisor of 752 and v.
47
Let a be 28/(-8)*(-2 + 0) + (186 - 187). Calculate the greatest common factor of 39894 and a.
6
Suppose 21*a - 576 = 705. Suppose 0 = -63*g + a*g + 12. What is the greatest common factor of 4 and g?
2
Let t(h) = -17*h**2 + 125*h - 93. Let q be t(6). Let u be ((-9)/(-6))/3*558. What is the greatest common divisor of u and q?
9
Suppose 2*u - h - 11 = 0, -4*h = 4*u - 0*h + 8. What is the greatest common factor of u and 12?
3
Suppose -10 = 5*a, 57*y - 60*y + 29862 = -3*a. Calculate the highest common factor of y and 32.
32
Let b = 35446 + -35418. What is the greatest common divisor of 63476 and b?
28
Suppose -4*f = 2*i - 686 + 122, 5*i - 564 = -4*f. Let k = -218 + 143. Let p = k - -169. Calculate the highest common factor of f and p.
47
Let b = -38 - -42. Let g be 1 - (1 - b) - -3. Suppose 12*n = g*n + 350. What is the greatest common factor of 175 and n?
35
Suppose 3*r = y + 2*y - 48, 48 = -3*r + 5*y. Let u be (r/(-6))/((-28)/12 - -2). Let s be 40 + u + -2*1. What is the greatest common factor of 150 and s?
30
Let n = 3064 + -2984. Calculate the highest common factor of n and 848.
16
Suppose 2*k = -j - 3*k, 3*k = -3. Suppose -6*n + 38 = -4*n + j*x, 5*n + 4*x = 112. What is the greatest common divisor of n and 456?
24
Suppose -24*s + 1425 + 1167 = 0. Calculate the highest common factor of 1566 and s.
54
Let p(o) = 11*o + 1 + 5*o**2 + 11*o**3 - 18*o**3 + 8*o**3 - 2. Let l be p(7). Suppose 0 = 5*f - l + 114. What is the greatest common divisor of f and 10?
10
Let w = 9436 - 9328. Let x(j) = 33*j**2 + 2. Let d be x(-2). Suppose -a + 5*c + 14 = -18, -c + d = 5*a. Calculate the greatest common factor of w and a.
27
Suppose 3*q = 5*h + 123, -120*q + 125*q = 2*h + 224. Let m(b) = -60*b + 4. Let r be m(-3). Calculate the highest common divisor of r and q.
46
Suppose 0 = 20*v - 6130 - 6450. Calculate the greatest common divisor of v and 17.
17
Let z(g) = -2*g**3 + 4*g + 4. Let n be z(-2). Let a(r) = 3*r - 27. Let y be a(n). Suppose y*v - 148 - 104 = 0. Calculate the greatest common factor of v and 42.
14
Let n = 181 + -145. What is the greatest common factor of 534 and n?
6
Suppose 40*v - 9*v - 2263 = 0. Calculate the highest common factor of v and 1.
1
Let n(u) = -u**3 - 33*u**2 - 58*u. Let d be n(-32). Suppose 0 = -44*k + 22*k + 572. Calculate the highest common divisor of k and d.
26
Suppose 3*s = -2*s. Let k = 2795 + -2793. Suppose 3*o - 3*r = 75, s = -o + 3*o + k*r - 30. Calculate the highest common divisor of 140 and o.
20
Suppose -47*h - 4882 = -60*h + 7377. What is the highest common divisor of h and 41?
41
Suppose a + 445 = 5*z - 4*a, 4*z + 5*a = 347. Calculate the greatest common factor of 3212 and z.
44
Let j(p) = -2*p**3 + 107*p**2 - 34*p + 318. Let o